{"id":793,"date":"2024-08-05T15:43:39","date_gmt":"2024-08-05T15:43:39","guid":{"rendered":"https:\/\/civilaction.net\/event\/can-gathering-autumn-2024\/"},"modified":"2025-12-28T00:13:52","modified_gmt":"2025-12-27T23:13:52","slug":"can-gathering-autumn-2024","status":"publish","type":"event","link":"https:\/\/civilaction.net\/de\/event\/can-gathering-autumn-2024\/","title":{"rendered":"CAN Gathering Autumn 2024"},"content":{"rendered":"<p>? CAN Gathering Autumn 2024 ?<\/p>\n<p>?\ufe0f Start: Thursdays 10.Oct around 15:00<br \/>?\ufe0f End: Sunday 13.Oct around 16:00<\/p>\n<p>? Begleite uns f\u00fcr 3,5 Tage voller Austausch, Zusammenarbeit, Erholung und inspirierender Gespr\u00e4che im wundersch\u00f6nen Waldviertel. Gemeinsam mit alten und neuen Bekannten wollen wir erkunden, wie wir die Zivilgesellschaft dabei unterst\u00fctzen k\u00f6nnen, sich wirkungsvoll f\u00fcr Gerechtigkeit und Frieden einzusetzen.\u00a0<br \/>Du hast die M\u00f6glichkeit, andere Menschen aus dem CAN-Netzwerk kennenzulernen und mehr dar\u00fcber zu erfahren, wie Du Dich mit uns oder mit unserer Unterst\u00fctzung engagieren kannst. Mittels <a href=\"https:\/\/openspaceworld.org\/wp2\/what-is\/\">Openspace<\/a> Format bringen wir verschiedene Perspektiven zusammen \u2013 von Organisator*innen \u00fcber Moderator*innen bis hin zu Aktivist*innen und Menschen, die sich f\u00fcr lebendige Nachbarschaften einsetzen. Unser Ziel ist es, Wissen und Ideen zu b\u00fcndeln und einen offenen Raum f\u00fcr Austausch und Zusammenarbeit zu schaffen.<\/p>\n<p>?\ufe0f Wir empfehlen die gesamte Dauer anwesend zu sein<br \/>? We will be staying at <a href=\"https:\/\/schacherhof.at\/\">Jugendhaus Schacherhof<\/a><br \/>? The train from Vienna to Seitenstetten takes 2h, from there we can pick you up.<br \/>? Costs: This event is unfortunately not funded, so to make it happen we need your financial contributions. The following costs will have to be covered:<br \/>\u2013 accommodation (18\u20ac\/ Person\/ night)<br \/>\u2013 food (we expect 10\u20ac\/ person\/ day)<br \/>\u2013 material costs (50\u20ac in total)<\/p>\n<p>We expect around 10 participants which would put us at an average cost of roughly 100\u20ac per participant. We would ask you to honestly check in with your financial capacity and choose a tier below that reflects your situation. If none of the tiers are accessible for you, feel free to reach out via email and we\u2019ll see how we can make it possible for you to come anyways. All of these tiers only cover costs for accommodation, food and other materials, however there is no salary budgeted.<\/p>\n<ul>\n<li>70\u20ac (accessibility tier, if you are financially stretched)<\/li>\n<li>100\u20ac (regular tier, covering your costs, if you are financially stable)<\/li>\n<li>150\u20ac or more (solidarity tier, contributing to the accessibility for others, if you are financially flourishing)<\/li>\n<\/ul>\n<p>? Wenn Du planst dabei zu sein, dann melde Dich bitte unten an!<\/p>\n\n\n<p>\n        <iframe style=\"overflow: scroll; border: 0; width:100%; height: 100vh\" class=\"dandelion-auto-height\" src=\"https:\/\/dandelion.events\/events\/6627cc837e7da700589b726f\/?ticket_form_only=1\"><\/iframe>\n        <\/p>","protected":false},"excerpt":{"rendered":"<p>? CAN Gathering Autumn 2024 ? ?\ufe0f Start: Thursdays 10.Oct around 15:00?\ufe0f End: Sunday 13.Oct around 16:00 ? Join us for 3.5 days of connection, co-creation, relaxation, and meaningful fun. Together with old and new friends, we want to explore longings, needs, and ideas around how to best support civil society to be a force [&hellip;]<\/p>","protected":false},"featured_media":809,"template":"","topic":[69,68,70,72,67,73],"language":[],"event-project":[183],"class_list":["post-793","event","type-event","status-publish","has-post-thumbnail","hentry","topic-connect-with-others","topic-get-involved","topic-get-to-know-us","topic-language-english","topic-language-german","topic-language-polish","event_project-community-events"],"acf":{"location":"Schutzh\u00fctte Scheickl, Mitterberg 14, 8665 Langenwang, \u00d6sterreich","date_time":"2024-10-10 14:00:00","end_time":"2024-10-13 15:00:00","project":1198,"partner":"","registration_link":"https:\/\/dandelion.events\/events\/6627cc837e7da700589b726f\/?ticket_form_only=1"},"localized_title":"CAN Gathering Autumn 2024","localized_link":"https:\/\/civilaction.net\/de\/event\/can-gathering-autumn-2024\/","_links":{"self":[{"href":"https:\/\/civilaction.net\/de\/wp-json\/wp\/v2\/event\/793","targetHints":{"allow":["GET"]}}],"collection":[{"href":"https:\/\/civilaction.net\/de\/wp-json\/wp\/v2\/event"}],"about":[{"href":"https:\/\/civilaction.net\/de\/wp-json\/wp\/v2\/types\/event"}],"acf:post":[{"embeddable":true,"href":"https:\/\/civilaction.net\/de\/wp-json\/wp\/v2\/project\/1198"}],"wp:featuredmedia":[{"embeddable":true,"href":"https:\/\/civilaction.net\/de\/wp-json\/wp\/v2\/media\/809"}],"wp:attachment":[{"href":"https:\/\/civilaction.net\/de\/wp-json\/wp\/v2\/media?parent=793"}],"wp:term":[{"taxonomy":"topic","embeddable":true,"href":"https:\/\/civilaction.net\/de\/wp-json\/wp\/v2\/topic?post=793"},{"taxonomy":"language","embeddable":true,"href":"https:\/\/civilaction.net\/de\/wp-json\/wp\/v2\/language?post=793"},{"taxonomy":"event_project","embeddable":true,"href":"https:\/\/civilaction.net\/de\/wp-json\/wp\/v2\/event-project?post=793"}],"curies":[{"name":"wp","href":"https:\/\/api.w.org\/{rel}","templated":true}]}}

<p>? CAN Gathering Autumn 2024 ?</p>
<p>?️ Start: Thursdays 10.Oct around 15:00<br />?️ End: Sunday 13.Oct around 16:00</p>
<p>? Begleite uns für 3,5 Tage voller Austausch, Zusammenarbeit, Erholung und inspirierender Gespräche im wunderschönen Waldviertel. Gemeinsam mit alten und neuen Bekannten wollen wir erkunden, wie wir die Zivilgesellschaft dabei unterstützen können, sich wirkungsvoll für Gerechtigkeit und Frieden einzusetzen. <br />Du hast die Möglichkeit, andere Menschen aus dem CAN-Netzwerk kennenzulernen und mehr darüber zu erfahren, wie Du Dich mit uns oder mit unserer Unterstützung engagieren kannst. Mittels <a href="https://openspaceworld.org/wp2/what-is/">Openspace</a> Format bringen wir verschiedene Perspektiven zusammen – von Organisator*innen über Moderator*innen bis hin zu Aktivist*innen und Menschen, die sich für lebendige Nachbarschaften einsetzen. Unser Ziel ist es, Wissen und Ideen zu bündeln und einen offenen Raum für Austausch und Zusammenarbeit zu schaffen.</p>
<p>?️ Wir empfehlen die gesamte Dauer anwesend zu sein<br />? We will be staying at <a href="https://schacherhof.at/">Jugendhaus Schacherhof</a><br />? The train from Vienna to Seitenstetten takes 2h, from there we can pick you up.<br />? Costs: This event is unfortunately not funded, so to make it happen we need your financial contributions. The following costs will have to be covered:<br />– accommodation (18€/ Person/ night)<br />– food (we expect 10€/ person/ day)<br />– material costs (50€ in total)</p>
<p>We expect around 10 participants which would put us at an average cost of roughly 100€ per participant. We would ask you to honestly check in with your financial capacity and choose a tier below that reflects your situation. If none of the tiers are accessible for you, feel free to reach out via email and we’ll see how we can make it possible for you to come anyways. All of these tiers only cover costs for accommodation, food and other materials, however there is no salary budgeted.</p>
<ul>
<li>70€ (accessibility tier, if you are financially stretched)</li>
<li>100€ (regular tier, covering your costs, if you are financially stable)</li>
<li>150€ or more (solidarity tier, contributing to the accessibility for others, if you are financially flourishing)</li>
</ul>
<p>? Wenn Du planst dabei zu sein, dann melde Dich bitte unten an!</p>


<p>
        <iframe style="overflow: scroll; border: 0; width:100%; height: 100vh" class="dandelion-auto-height" src="https://dandelion.events/events/6627cc837e7da700589b726f/?ticket_form_only=1"></iframe>
        </p>

Schutzhütte Scheickl, Mitterberg 14, 8665 Langenwang, Österreich
