{"id":543,"date":"2024-03-20T11:43:24","date_gmt":"2024-03-20T11:43:24","guid":{"rendered":"https:\/\/civilaction.net\/event\/lass-uns-uber-hasslichkeit-reden\/"},"modified":"2025-12-28T00:16:18","modified_gmt":"2025-12-27T23:16:18","slug":"lass-uns-uber-hasslichkeit-reden","status":"publish","type":"event","link":"https:\/\/civilaction.net\/de\/event\/lass-uns-uber-hasslichkeit-reden\/","title":{"rendered":"Lass uns \u00fcber H\u00e4sslichkeit reden!"},"content":{"rendered":"<p>&nbsp;<\/p><p><strong>&#8211; DER SPAZIERGANG WIRD LEIDER AUFGRUND VON KRANKHEIT NICHT STATTFINDEN &#8211;<\/strong><\/p><p>&nbsp;<\/p><p>Vom Sehen und Gesehenwerden, von visuellen Vorurteilen und dem offen f\u00fcr neues bleiben &#8211; Lasst uns bei einem gemeinsamen Spaziergang \u00fcber H\u00e4sslichkeit reden!<br>Mit unseren moderierten Spazierg\u00e4ngen m\u00f6chten wir Dialog- und Begegnungsr\u00e4ume an der frischen Luft schaffen. &nbsp; Im Anschluss laden wir zu einem Piknik ein.<\/p><p><strong>Praktische Informationen:<\/strong><br>24. Mai 2024<\/p><p>Wenn du mitmachen m\u00f6chtest, hilf uns bitte bei der Planung, indem du das Formular ausf\u00fcllst. Es kann aber auch jede*r spontan dabei sein.<\/p>\n    \n        <p>\n        <iframe style=\"overflow: scroll; border: 0; width:100%; height: 100vh\" class=\"dandelion-auto-height\" src=\"https:\/\/dandelion.events\/events\/65facbcee4182e0044f43fca\/?ticket_form_only=1\"><\/iframe>\n        <\/p>","protected":false},"excerpt":{"rendered":"<p>&nbsp; &#8211; DER SPAZIERGANG WIRD LEIDER AUFGRUND VON KRANKHEIT NICHT STATTFINDEN &#8211; &nbsp; Vom Sehen und Gesehenwerden, von visuellen Vorurteilen und dem offen f\u00fcr neues bleiben &#8211; Lasst uns bei einem gemeinsamen Spaziergang \u00fcber H\u00e4sslichkeit reden!Mit unseren moderierten Spazierg\u00e4ngen m\u00f6chten wir Dialog- und Begegnungsr\u00e4ume an der frischen Luft schaffen. &nbsp; Im Anschluss laden wir zu [&hellip;]<\/p>","protected":false},"featured_media":695,"template":"","topic":[],"language":[],"event-project":[200],"class_list":["post-543","event","type-event","status-publish","has-post-thumbnail","hentry","event_project-dialogue-walks"],"acf":{"location":"U-Bahn Station Sch\u00f6nbrunn","date_time":"2024-05-24 12:00:00","end_time":"2024-05-24 15:00:00","project":279,"partner":"","registration_link":"https:\/\/dandelion.events\/events\/65facbcee4182e0044f43fca\/?ticket_form_only=1"},"localized_title":"Lass uns \u00fcber H\u00e4sslichkeit reden!","localized_link":"https:\/\/civilaction.net\/de\/event\/lass-uns-uber-hasslichkeit-reden\/","_links":{"self":[{"href":"https:\/\/civilaction.net\/de\/wp-json\/wp\/v2\/event\/543","targetHints":{"allow":["GET"]}}],"collection":[{"href":"https:\/\/civilaction.net\/de\/wp-json\/wp\/v2\/event"}],"about":[{"href":"https:\/\/civilaction.net\/de\/wp-json\/wp\/v2\/types\/event"}],"acf:post":[{"embeddable":true,"href":"https:\/\/civilaction.net\/de\/wp-json\/wp\/v2\/project\/279"}],"wp:featuredmedia":[{"embeddable":true,"href":"https:\/\/civilaction.net\/de\/wp-json\/wp\/v2\/media\/695"}],"wp:attachment":[{"href":"https:\/\/civilaction.net\/de\/wp-json\/wp\/v2\/media?parent=543"}],"wp:term":[{"taxonomy":"topic","embeddable":true,"href":"https:\/\/civilaction.net\/de\/wp-json\/wp\/v2\/topic?post=543"},{"taxonomy":"language","embeddable":true,"href":"https:\/\/civilaction.net\/de\/wp-json\/wp\/v2\/language?post=543"},{"taxonomy":"event_project","embeddable":true,"href":"https:\/\/civilaction.net\/de\/wp-json\/wp\/v2\/event-project?post=543"}],"curies":[{"name":"wp","href":"https:\/\/api.w.org\/{rel}","templated":true}]}}

Lass uns über Hässlichkeit reden!

<p>&nbsp;</p><p><strong>&#8211; DER SPAZIERGANG WIRD LEIDER AUFGRUND VON KRANKHEIT NICHT STATTFINDEN &#8211;</strong></p><p>&nbsp;</p><p>Vom Sehen und Gesehenwerden, von visuellen Vorurteilen und dem offen für neues bleiben &#8211; Lasst uns bei einem gemeinsamen Spaziergang über Hässlichkeit reden!<br>Mit unseren moderierten Spaziergängen möchten wir Dialog- und Begegnungsräume an der frischen Luft schaffen. &nbsp; Im Anschluss laden wir zu einem Piknik ein.</p><p><strong>Praktische Informationen:</strong><br>24. Mai 2024</p><p>Wenn du mitmachen möchtest, hilf uns bitte bei der Planung, indem du das Formular ausfüllst. Es kann aber auch jede*r spontan dabei sein.</p>
    
        <p>
        <iframe style="overflow: scroll; border: 0; width:100%; height: 100vh" class="dandelion-auto-height" src="https://dandelion.events/events/65facbcee4182e0044f43fca/?ticket_form_only=1"></iframe>
        </p>

<p>&nbsp; &#8211; DER SPAZIERGANG WIRD LEIDER AUFGRUND VON KRANKHEIT NICHT STATTFINDEN &#8211; &nbsp; Vom Sehen und Gesehenwerden, von visuellen Vorurteilen und dem offen für neues bleiben &#8211; Lasst uns bei einem gemeinsamen Spaziergang über Hässlichkeit reden!Mit unseren moderierten Spaziergängen möchten wir Dialog- und Begegnungsräume an der frischen Luft schaffen. &nbsp; Im Anschluss laden wir zu [&hellip;]</p>

U-Bahn Station Schönbrunn
