{"id":2184,"date":"2026-04-09T12:39:32","date_gmt":"2026-04-09T11:39:32","guid":{"rendered":"https:\/\/civilaction.net\/?post_type=event&#038;p=2184"},"modified":"2026-04-14T17:27:00","modified_gmt":"2026-04-14T16:27:00","slug":"7-cross-movement-open-space","status":"publish","type":"event","link":"https:\/\/civilaction.net\/de\/event\/7-cross-movement-open-space\/","title":{"rendered":"7. Cross-Movement Open Space"},"content":{"rendered":"<h3 class=\"wp-block-heading has-text-align-center\">7. Cross-Movement Open Space<\/h3>\n\n\n\n<h6 class=\"wp-block-heading has-text-align-center\">\ud83c\udf42Herbst-Edition 2026: Fr 16. - So 18.Oktober 2026*<br>\u23f0jeweils 10:00-18:00 Uhr<br>\ud83d\udea9Wien, genauer Ort folgt<\/h6>\n\n\n\n<p><strong>*<\/strong><em>es wird ein zweit\u00e4giges Event werden. Die genauen Tage (entweder Fr-Sa oder Sa-So) werden bald festgelegt.<\/em><\/p>\n\n\n\n<p><\/p>\n\n\n\n<h5 class=\"wp-block-heading\">FOCUS TOPIC: TO BE ANNOUNCED!<\/h5>\n\n\n\n<p>Das Thema dieser Ausgabe steht noch nicht fest, deshalb seid ihr gefragt! Was besch\u00e4ftigt euch und eure Gruppe im Moment, wor\u00fcber wollt ihr euch austauschen? Lasst es uns \u00fcber das folgende Formular wissen.<br>Es wird zwei Online-Treffen geben, bei denen wir Themenvorschl\u00e4ge gemeinsam besprechen k\u00f6nnen:<br>1) <strong>Dienstag, 21.04. um 18:00 Uhr<\/strong><br>2) <strong>Donnerstag, 21.05. um 18:00<\/strong>.<br>Den Link zu den Meetings bekommt ihr, nachdem ihr das Formular ausgef\u00fcllt habt. Wir freuen uns, euch zu dem Thema zu h\u00f6ren!<\/p>\n\n\n\n<div class=\"wp-block-buttons is-content-justification-center is-layout-flex wp-container-core-buttons-is-layout-a89b3969 wp-block-buttons-is-layout-flex\">\n<div class=\"wp-block-button\"><a class=\"wp-block-button__link wp-element-button\" href=\"https:\/\/www.cognitoforms.com\/CivilActionNetwork2\/_7thCrossMovementOpenSpaceThemenFindung\"><strong><mark style=\"background-color:rgba(0, 0, 0, 0);color:#ffffff\" class=\"has-inline-color\">Zur Themenumfrage<\/mark><\/strong><\/a><\/div>\n<\/div>\n\n\n\n<p class=\"has-text-align-left\">Neugierig geworden? F\u00fcll das Formular unten aus, um auf dem Laufenden zu bleiben und\/oder wenn du zum Event beitragen m\u00f6chtest.<\/p>\n\n\n\n<p>Komm au\u00dferdem gerne bei unserem <a href=\"https:\/\/civilaction.net\/de\/event\/can-stammtisch-may-2026\/\" data-type=\"link\" data-id=\"https:\/\/civilaction.net\/event\/can-stammtisch-may-2026\/\" target=\"_blank\" rel=\"noreferrer noopener\">Stammtisch im Mai<\/a> if you have any questions about the event or simply come by for a chat! (14th May, 19:00, @&#8221;Ochei&#8221;, Camillo-Sitte-Gasse 1, 1150)<\/p>\n\n\n\n<p><\/p>\n\n\n\n<h5 class=\"wp-block-heading\">OPEN SPACE: DEIN INPUT, DEINE INTUITION<\/h5>\n\n\n\n<p>Ein OpenSpace-Symposium bietet allen die M\u00f6glichkeit, Workshops, Vortr\u00e4ge oder andere Sessions (wie Tanz oder Meditation) anzubieten. Bringt eure Ideen zu unserem Fokusthema mit! Das kann eine Frage sein, zu der ihr gerne Input h\u00e4ttet, oder ein Input, den ihr anderen anbieten m\u00f6chtet.<\/p>\n\n\n\n<p>Wir beginnen den Tag mit einem Plenum, in dem alle, die eine Session anbieten, diese in zwei S\u00e4tzen erkl\u00e4ren und sie anschlie\u00dfend an einem Zeitplan an der Wand anheften. Die meisten Leute bieten selbst keine Sessions an, sondern besuchen einfach die anderer oder plauschen am Kaffeetisch mit allen, die dort gerade vorbei kommen. Genau so soll es sein! Folgt eurer Intuition \u2013 wir hoffen, dass auf die Art sowohl f\u00fcr euch pers\u00f6nlich als auch f\u00fcr das Symposium als Ganzes das Beste heraus kommt!<\/p>\n\n\n\n<p>Wir erkl\u00e4ren nat\u00fcrlich beim Event den OpenSpace-Prozess genauer und f\u00fchren euch da durch. Ihr k\u00f6nnt aber gerne schon jetzt eure Inputs und Diskussionsrunden vorbereiten. Alle sind herzlich eingeladen, sich einzubringen!<\/p>\n\n\n\n<figure class=\"wp-block-gallery has-nested-images columns-default is-cropped wp-block-gallery-1 is-layout-flex wp-block-gallery-is-layout-flex\">\n<figure class=\"wp-block-image size-large\"><img loading=\"lazy\" decoding=\"async\" width=\"768\" height=\"1024\" data-id=\"1775\" src=\"https:\/\/civilaction.net\/wp-content\/uploads\/Credits_to_Civil_Action_Network-11-edited-768x1024.jpg\" alt=\"\" class=\"wp-image-1775\" srcset=\"https:\/\/civilaction.net\/wp-content\/uploads\/Credits_to_Civil_Action_Network-11-edited-768x1024.jpg 768w, https:\/\/civilaction.net\/wp-content\/uploads\/Credits_to_Civil_Action_Network-11-edited-225x300.jpg 225w, https:\/\/civilaction.net\/wp-content\/uploads\/Credits_to_Civil_Action_Network-11-edited-1152x1536.jpg 1152w, https:\/\/civilaction.net\/wp-content\/uploads\/Credits_to_Civil_Action_Network-11-edited-1536x2048.jpg 1536w, https:\/\/civilaction.net\/wp-content\/uploads\/Credits_to_Civil_Action_Network-11-edited-9x12.jpg 9w, https:\/\/civilaction.net\/wp-content\/uploads\/Credits_to_Civil_Action_Network-11-edited-scaled.jpg 1920w\" sizes=\"auto, (max-width: 768px) 100vw, 768px\" \/><\/figure>\n\n\n\n<figure class=\"wp-block-image size-large\"><img loading=\"lazy\" decoding=\"async\" width=\"768\" height=\"1024\" data-id=\"1777\" src=\"https:\/\/civilaction.net\/wp-content\/uploads\/Credits_to_Civil_Action_Network-10-edited-768x1024.jpg\" alt=\"\" class=\"wp-image-1777\" srcset=\"https:\/\/civilaction.net\/wp-content\/uploads\/Credits_to_Civil_Action_Network-10-edited-768x1024.jpg 768w, https:\/\/civilaction.net\/wp-content\/uploads\/Credits_to_Civil_Action_Network-10-edited-225x300.jpg 225w, https:\/\/civilaction.net\/wp-content\/uploads\/Credits_to_Civil_Action_Network-10-edited-1152x1536.jpg 1152w, https:\/\/civilaction.net\/wp-content\/uploads\/Credits_to_Civil_Action_Network-10-edited-1536x2048.jpg 1536w, https:\/\/civilaction.net\/wp-content\/uploads\/Credits_to_Civil_Action_Network-10-edited-9x12.jpg 9w, https:\/\/civilaction.net\/wp-content\/uploads\/Credits_to_Civil_Action_Network-10-edited-scaled.jpg 1920w\" sizes=\"auto, (max-width: 768px) 100vw, 768px\" \/><\/figure>\n\n\n\n<figure class=\"wp-block-image size-large\"><img loading=\"lazy\" decoding=\"async\" width=\"768\" height=\"1024\" data-id=\"1773\" src=\"https:\/\/civilaction.net\/wp-content\/uploads\/Credits_to_Civil_Action_Network-27-768x1024.jpg\" alt=\"\" class=\"wp-image-1773\" srcset=\"https:\/\/civilaction.net\/wp-content\/uploads\/Credits_to_Civil_Action_Network-27-768x1024.jpg 768w, https:\/\/civilaction.net\/wp-content\/uploads\/Credits_to_Civil_Action_Network-27-225x300.jpg 225w, https:\/\/civilaction.net\/wp-content\/uploads\/Credits_to_Civil_Action_Network-27-1152x1536.jpg 1152w, https:\/\/civilaction.net\/wp-content\/uploads\/Credits_to_Civil_Action_Network-27-1536x2048.jpg 1536w, https:\/\/civilaction.net\/wp-content\/uploads\/Credits_to_Civil_Action_Network-27-9x12.jpg 9w, https:\/\/civilaction.net\/wp-content\/uploads\/Credits_to_Civil_Action_Network-27-scaled.jpg 1920w\" sizes=\"auto, (max-width: 768px) 100vw, 768px\" \/><\/figure>\n<\/figure>\n\n\n\n<h6 class=\"wp-block-heading\">F\u00dcR WEN IST DIESE VERANSTALTUNG?<\/h6>\n\n\n\n<p>Bist du Teil einer sozialen Bewegung f\u00fcr sozial-\u00f6kologischen Wandel? Setzt du dich f\u00fcr Klimagerechtigkeit, Menschenrechte, Feminismus, Migration, Frieden, Demokratie, Solidarische \u00d6konomie oder andere verwandte Themen ein? Wir m\u00f6chten allen, die sich f\u00fcr eine bessere Zukunft engagieren, die M\u00f6glichkeit geben, sich mit anderen Aktiven zu vernetzen! Dazu geh\u00f6ren bewegungs\u00fcbergreifende Netzwerke: Umweltsch\u00fctzer\u2019innen im Gespr\u00e4ch mit Friedensbewegten, Community-Builder mit Queer-Gruppen und so weiter.<\/p>\n\n\n\n<p>Es ist ein Raum, um die Ideen und Ziele unserer Gruppen zu vernetzen und mit gemeinsamen Zukunftsvisionen zu experimentieren. Wir wollen dabei die Komplexit\u00e4t der Aufgabe ehren und nicht versuchen, uns auf \u201eden einen richtigen Weg\u201c zu einigen. Statt dessen \u00fcben wir das Arbeiten in Ambiguit\u00e4t und Unsicherheit. Wir experimentieren alle auf unseren eigenen Wegen und kommen zusammen, um unsere Erfahrungen zu teilen, Wissen und Ressourcen zu tauschen und gruppen-\u00fcbergreifende Zusammenarbeit zu pflegen. Dabei wollen wir auch im Tempo der Regeneration arbeiten und das Wohlbefinden von Menschen nicht einer kurzfristigen Wirksamkeit opfern.<\/p>\n\n\n\n<p>Dieser Cross-Movement Open Space ist Teil einer Reihe. Alle k\u00f6nnen einer Kontaktb\u00f6rse beitreten, und nat\u00fcrlich wieder kommen und erleben, wie die Gemeinschaft mit jedem OpenSpace w\u00e4chst und sich vertieft!<\/p>\n\n\n\n<figure class=\"wp-block-gallery has-nested-images columns-default is-cropped wp-block-gallery-2 is-layout-flex wp-block-gallery-is-layout-flex\">\n<figure class=\"wp-block-image size-large\"><img loading=\"lazy\" decoding=\"async\" width=\"1024\" height=\"768\" data-id=\"1788\" src=\"https:\/\/civilaction.net\/wp-content\/uploads\/Credits_to_Civil_Action_Network-19-1024x768.jpg\" alt=\"\" class=\"wp-image-1788\" srcset=\"https:\/\/civilaction.net\/wp-content\/uploads\/Credits_to_Civil_Action_Network-19-1024x768.jpg 1024w, https:\/\/civilaction.net\/wp-content\/uploads\/Credits_to_Civil_Action_Network-19-300x225.jpg 300w, https:\/\/civilaction.net\/wp-content\/uploads\/Credits_to_Civil_Action_Network-19-768x576.jpg 768w, https:\/\/civilaction.net\/wp-content\/uploads\/Credits_to_Civil_Action_Network-19-1536x1152.jpg 1536w, https:\/\/civilaction.net\/wp-content\/uploads\/Credits_to_Civil_Action_Network-19-2048x1536.jpg 2048w, https:\/\/civilaction.net\/wp-content\/uploads\/Credits_to_Civil_Action_Network-19-16x12.jpg 16w\" sizes=\"auto, (max-width: 1024px) 100vw, 1024px\" \/><\/figure>\n\n\n\n<figure class=\"wp-block-image size-large\"><img loading=\"lazy\" decoding=\"async\" width=\"1024\" height=\"768\" data-id=\"1786\" src=\"https:\/\/civilaction.net\/wp-content\/uploads\/Credits_to_Civil_Action_Network-25-1-1024x768.jpg\" alt=\"\" class=\"wp-image-1786\" srcset=\"https:\/\/civilaction.net\/wp-content\/uploads\/Credits_to_Civil_Action_Network-25-1-1024x768.jpg 1024w, https:\/\/civilaction.net\/wp-content\/uploads\/Credits_to_Civil_Action_Network-25-1-300x225.jpg 300w, https:\/\/civilaction.net\/wp-content\/uploads\/Credits_to_Civil_Action_Network-25-1-768x576.jpg 768w, https:\/\/civilaction.net\/wp-content\/uploads\/Credits_to_Civil_Action_Network-25-1-1536x1152.jpg 1536w, https:\/\/civilaction.net\/wp-content\/uploads\/Credits_to_Civil_Action_Network-25-1-2048x1536.jpg 2048w, https:\/\/civilaction.net\/wp-content\/uploads\/Credits_to_Civil_Action_Network-25-1-16x12.jpg 16w\" sizes=\"auto, (max-width: 1024px) 100vw, 1024px\" \/><\/figure>\n\n\n\n<figure class=\"wp-block-image size-large\"><img loading=\"lazy\" decoding=\"async\" width=\"1024\" height=\"768\" data-id=\"1783\" src=\"https:\/\/civilaction.net\/wp-content\/uploads\/Credits_to_Civil_Action_Network-31-1024x768.jpg\" alt=\"\" class=\"wp-image-1783\" srcset=\"https:\/\/civilaction.net\/wp-content\/uploads\/Credits_to_Civil_Action_Network-31-1024x768.jpg 1024w, https:\/\/civilaction.net\/wp-content\/uploads\/Credits_to_Civil_Action_Network-31-300x225.jpg 300w, https:\/\/civilaction.net\/wp-content\/uploads\/Credits_to_Civil_Action_Network-31-768x576.jpg 768w, https:\/\/civilaction.net\/wp-content\/uploads\/Credits_to_Civil_Action_Network-31-1536x1152.jpg 1536w, https:\/\/civilaction.net\/wp-content\/uploads\/Credits_to_Civil_Action_Network-31-2048x1536.jpg 2048w, https:\/\/civilaction.net\/wp-content\/uploads\/Credits_to_Civil_Action_Network-31-16x12.jpg 16w\" sizes=\"auto, (max-width: 1024px) 100vw, 1024px\" \/><\/figure>\n<\/figure>\n\n\n\n<p>\n<iframe src=\"https:\/\/www.cognitoforms.com\/f\/J2JgF29MnkSahulYm7VaAw\/69\" allow=\"payment\" style=\"border:0;width:100%;\" height=\"1904\"><\/iframe>\n<script src=\"https:\/\/www.cognitoforms.com\/f\/iframe.js\"><\/script>\n<\/p>","protected":false},"excerpt":{"rendered":"<p>7. Cross-Movement Open Space \ud83c\udf42Autumn Edition 2026: Fri 16th &#8211; Sun 18th of October 2026*\u23f0each day 10 am &#8211; 6 pm\ud83d\udea9Vienna, exact place to be announced *we are aiming for a 2-day event. The exact days (either Fri-Sat or Sat-Sun) will be determined soon. FOCUS TOPIC: TO BE ANNOUNCED! We need your help! This edition\u2019s [&hellip;]<\/p>","protected":false},"featured_media":2206,"template":"","topic":[69,71],"language":[204,203],"event-project":[192],"class_list":["post-2184","event","type-event","status-publish","has-post-thumbnail","hentry","topic-connect-with-others","topic-trainings-networking-and-regeneration","language-english","language-german","event_project-cross-movement-open-spaces"],"acf":{"location":"tba","date_time":"2026-10-16 10:00:00","end_time":"2026-10-18 18:00:00","project":655,"partner":"","registration_link":"https:\/\/civilaction.net\/open-space"},"localized_title":"7. Cross-Movement Open Space","localized_link":"https:\/\/civilaction.net\/de\/event\/7-cross-movement-open-space\/","_links":{"self":[{"href":"https:\/\/civilaction.net\/de\/wp-json\/wp\/v2\/event\/2184","targetHints":{"allow":["GET"]}}],"collection":[{"href":"https:\/\/civilaction.net\/de\/wp-json\/wp\/v2\/event"}],"about":[{"href":"https:\/\/civilaction.net\/de\/wp-json\/wp\/v2\/types\/event"}],"acf:post":[{"embeddable":true,"href":"https:\/\/civilaction.net\/de\/wp-json\/wp\/v2\/project\/655"}],"wp:featuredmedia":[{"embeddable":true,"href":"https:\/\/civilaction.net\/de\/wp-json\/wp\/v2\/media\/2206"}],"wp:attachment":[{"href":"https:\/\/civilaction.net\/de\/wp-json\/wp\/v2\/media?parent=2184"}],"wp:term":[{"taxonomy":"topic","embeddable":true,"href":"https:\/\/civilaction.net\/de\/wp-json\/wp\/v2\/topic?post=2184"},{"taxonomy":"language","embeddable":true,"href":"https:\/\/civilaction.net\/de\/wp-json\/wp\/v2\/language?post=2184"},{"taxonomy":"event_project","embeddable":true,"href":"https:\/\/civilaction.net\/de\/wp-json\/wp\/v2\/event-project?post=2184"}],"curies":[{"name":"wp","href":"https:\/\/api.w.org\/{rel}","templated":true}]}}

<h3 class="wp-block-heading has-text-align-center">7. Cross-Movement Open Space</h3>



<h6 class="wp-block-heading has-text-align-center">🍂Herbst-Edition 2026: Fr 16. - So 18.Oktober 2026*<br>⏰jeweils 10:00-18:00 Uhr<br>🚩Wien, genauer Ort folgt</h6>



<p><strong>*</strong><em>es wird ein zweitägiges Event werden. Die genauen Tage (entweder Fr-Sa oder Sa-So) werden bald festgelegt.</em></p>



<p></p>



<h5 class="wp-block-heading">FOCUS TOPIC: TO BE ANNOUNCED!</h5>



<p>Das Thema dieser Ausgabe steht noch nicht fest, deshalb seid ihr gefragt! Was beschäftigt euch und eure Gruppe im Moment, worüber wollt ihr euch austauschen? Lasst es uns über das folgende Formular wissen.<br>Es wird zwei Online-Treffen geben, bei denen wir Themenvorschläge gemeinsam besprechen können:<br>1) <strong>Dienstag, 21.04. um 18:00 Uhr</strong><br>2) <strong>Donnerstag, 21.05. um 18:00</strong>.<br>Den Link zu den Meetings bekommt ihr, nachdem ihr das Formular ausgefüllt habt. Wir freuen uns, euch zu dem Thema zu hören!</p>



<div class="wp-block-buttons is-content-justification-center is-layout-flex wp-container-core-buttons-is-layout-a89b3969 wp-block-buttons-is-layout-flex">
<div class="wp-block-button"><a class="wp-block-button__link wp-element-button" href="https://www.cognitoforms.com/CivilActionNetwork2/_7thCrossMovementOpenSpaceThemenFindung"><strong><mark style="background-color:rgba(0, 0, 0, 0);color:#ffffff" class="has-inline-color">Zur Themenumfrage</mark></strong></a></div>
</div>



<p class="has-text-align-left">Neugierig geworden? Füll das Formular unten aus, um auf dem Laufenden zu bleiben und/oder wenn du zum Event beitragen möchtest.</p>



<p>Komm außerdem gerne bei unserem <a href="https://civilaction.net/de/event/can-stammtisch-may-2026/" data-type="link" data-id="https://civilaction.net/event/can-stammtisch-may-2026/" target="_blank" rel="noreferrer noopener">Stammtisch im Mai</a> if you have any questions about the event or simply come by for a chat! (14th May, 19:00, @&#8221;Ochei&#8221;, Camillo-Sitte-Gasse 1, 1150)</p>



<p></p>



<h5 class="wp-block-heading">OPEN SPACE: DEIN INPUT, DEINE INTUITION</h5>



<p>Ein OpenSpace-Symposium bietet allen die Möglichkeit, Workshops, Vorträge oder andere Sessions (wie Tanz oder Meditation) anzubieten. Bringt eure Ideen zu unserem Fokusthema mit! Das kann eine Frage sein, zu der ihr gerne Input hättet, oder ein Input, den ihr anderen anbieten möchtet.</p>



<p>Wir beginnen den Tag mit einem Plenum, in dem alle, die eine Session anbieten, diese in zwei Sätzen erklären und sie anschließend an einem Zeitplan an der Wand anheften. Die meisten Leute bieten selbst keine Sessions an, sondern besuchen einfach die anderer oder plauschen am Kaffeetisch mit allen, die dort gerade vorbei kommen. Genau so soll es sein! Folgt eurer Intuition – wir hoffen, dass auf die Art sowohl für euch persönlich als auch für das Symposium als Ganzes das Beste heraus kommt!</p>



<p>Wir erklären natürlich beim Event den OpenSpace-Prozess genauer und führen euch da durch. Ihr könnt aber gerne schon jetzt eure Inputs und Diskussionsrunden vorbereiten. Alle sind herzlich eingeladen, sich einzubringen!</p>



<figure class="wp-block-gallery has-nested-images columns-default is-cropped wp-block-gallery-1 is-layout-flex wp-block-gallery-is-layout-flex">
<figure class="wp-block-image size-large"><img loading="lazy" decoding="async" width="768" height="1024" data-id="1775" src="https://civilaction.net/wp-content/uploads/Credits_to_Civil_Action_Network-11-edited-768x1024.jpg" alt="" class="wp-image-1775" srcset="https://civilaction.net/wp-content/uploads/Credits_to_Civil_Action_Network-11-edited-768x1024.jpg 768w, https://civilaction.net/wp-content/uploads/Credits_to_Civil_Action_Network-11-edited-225x300.jpg 225w, https://civilaction.net/wp-content/uploads/Credits_to_Civil_Action_Network-11-edited-1152x1536.jpg 1152w, https://civilaction.net/wp-content/uploads/Credits_to_Civil_Action_Network-11-edited-1536x2048.jpg 1536w, https://civilaction.net/wp-content/uploads/Credits_to_Civil_Action_Network-11-edited-9x12.jpg 9w, https://civilaction.net/wp-content/uploads/Credits_to_Civil_Action_Network-11-edited-scaled.jpg 1920w" sizes="auto, (max-width: 768px) 100vw, 768px" /></figure>



<figure class="wp-block-image size-large"><img loading="lazy" decoding="async" width="768" height="1024" data-id="1777" src="https://civilaction.net/wp-content/uploads/Credits_to_Civil_Action_Network-10-edited-768x1024.jpg" alt="" class="wp-image-1777" srcset="https://civilaction.net/wp-content/uploads/Credits_to_Civil_Action_Network-10-edited-768x1024.jpg 768w, https://civilaction.net/wp-content/uploads/Credits_to_Civil_Action_Network-10-edited-225x300.jpg 225w, https://civilaction.net/wp-content/uploads/Credits_to_Civil_Action_Network-10-edited-1152x1536.jpg 1152w, https://civilaction.net/wp-content/uploads/Credits_to_Civil_Action_Network-10-edited-1536x2048.jpg 1536w, https://civilaction.net/wp-content/uploads/Credits_to_Civil_Action_Network-10-edited-9x12.jpg 9w, https://civilaction.net/wp-content/uploads/Credits_to_Civil_Action_Network-10-edited-scaled.jpg 1920w" sizes="auto, (max-width: 768px) 100vw, 768px" /></figure>



<figure class="wp-block-image size-large"><img loading="lazy" decoding="async" width="768" height="1024" data-id="1773" src="https://civilaction.net/wp-content/uploads/Credits_to_Civil_Action_Network-27-768x1024.jpg" alt="" class="wp-image-1773" srcset="https://civilaction.net/wp-content/uploads/Credits_to_Civil_Action_Network-27-768x1024.jpg 768w, https://civilaction.net/wp-content/uploads/Credits_to_Civil_Action_Network-27-225x300.jpg 225w, https://civilaction.net/wp-content/uploads/Credits_to_Civil_Action_Network-27-1152x1536.jpg 1152w, https://civilaction.net/wp-content/uploads/Credits_to_Civil_Action_Network-27-1536x2048.jpg 1536w, https://civilaction.net/wp-content/uploads/Credits_to_Civil_Action_Network-27-9x12.jpg 9w, https://civilaction.net/wp-content/uploads/Credits_to_Civil_Action_Network-27-scaled.jpg 1920w" sizes="auto, (max-width: 768px) 100vw, 768px" /></figure>
</figure>



<h6 class="wp-block-heading">FÜR WEN IST DIESE VERANSTALTUNG?</h6>



<p>Bist du Teil einer sozialen Bewegung für sozial-ökologischen Wandel? Setzt du dich für Klimagerechtigkeit, Menschenrechte, Feminismus, Migration, Frieden, Demokratie, Solidarische Ökonomie oder andere verwandte Themen ein? Wir möchten allen, die sich für eine bessere Zukunft engagieren, die Möglichkeit geben, sich mit anderen Aktiven zu vernetzen! Dazu gehören bewegungsübergreifende Netzwerke: Umweltschützer’innen im Gespräch mit Friedensbewegten, Community-Builder mit Queer-Gruppen und so weiter.</p>



<p>Es ist ein Raum, um die Ideen und Ziele unserer Gruppen zu vernetzen und mit gemeinsamen Zukunftsvisionen zu experimentieren. Wir wollen dabei die Komplexität der Aufgabe ehren und nicht versuchen, uns auf „den einen richtigen Weg“ zu einigen. Statt dessen üben wir das Arbeiten in Ambiguität und Unsicherheit. Wir experimentieren alle auf unseren eigenen Wegen und kommen zusammen, um unsere Erfahrungen zu teilen, Wissen und Ressourcen zu tauschen und gruppen-übergreifende Zusammenarbeit zu pflegen. Dabei wollen wir auch im Tempo der Regeneration arbeiten und das Wohlbefinden von Menschen nicht einer kurzfristigen Wirksamkeit opfern.</p>



<p>Dieser Cross-Movement Open Space ist Teil einer Reihe. Alle können einer Kontaktbörse beitreten, und natürlich wieder kommen und erleben, wie die Gemeinschaft mit jedem OpenSpace wächst und sich vertieft!</p>



<figure class="wp-block-gallery has-nested-images columns-default is-cropped wp-block-gallery-2 is-layout-flex wp-block-gallery-is-layout-flex">
<figure class="wp-block-image size-large"><img loading="lazy" decoding="async" width="1024" height="768" data-id="1788" src="https://civilaction.net/wp-content/uploads/Credits_to_Civil_Action_Network-19-1024x768.jpg" alt="" class="wp-image-1788" srcset="https://civilaction.net/wp-content/uploads/Credits_to_Civil_Action_Network-19-1024x768.jpg 1024w, https://civilaction.net/wp-content/uploads/Credits_to_Civil_Action_Network-19-300x225.jpg 300w, https://civilaction.net/wp-content/uploads/Credits_to_Civil_Action_Network-19-768x576.jpg 768w, https://civilaction.net/wp-content/uploads/Credits_to_Civil_Action_Network-19-1536x1152.jpg 1536w, https://civilaction.net/wp-content/uploads/Credits_to_Civil_Action_Network-19-2048x1536.jpg 2048w, https://civilaction.net/wp-content/uploads/Credits_to_Civil_Action_Network-19-16x12.jpg 16w" sizes="auto, (max-width: 1024px) 100vw, 1024px" /></figure>



<figure class="wp-block-image size-large"><img loading="lazy" decoding="async" width="1024" height="768" data-id="1786" src="https://civilaction.net/wp-content/uploads/Credits_to_Civil_Action_Network-25-1-1024x768.jpg" alt="" class="wp-image-1786" srcset="https://civilaction.net/wp-content/uploads/Credits_to_Civil_Action_Network-25-1-1024x768.jpg 1024w, https://civilaction.net/wp-content/uploads/Credits_to_Civil_Action_Network-25-1-300x225.jpg 300w, https://civilaction.net/wp-content/uploads/Credits_to_Civil_Action_Network-25-1-768x576.jpg 768w, https://civilaction.net/wp-content/uploads/Credits_to_Civil_Action_Network-25-1-1536x1152.jpg 1536w, https://civilaction.net/wp-content/uploads/Credits_to_Civil_Action_Network-25-1-2048x1536.jpg 2048w, https://civilaction.net/wp-content/uploads/Credits_to_Civil_Action_Network-25-1-16x12.jpg 16w" sizes="auto, (max-width: 1024px) 100vw, 1024px" /></figure>



<figure class="wp-block-image size-large"><img loading="lazy" decoding="async" width="1024" height="768" data-id="1783" src="https://civilaction.net/wp-content/uploads/Credits_to_Civil_Action_Network-31-1024x768.jpg" alt="" class="wp-image-1783" srcset="https://civilaction.net/wp-content/uploads/Credits_to_Civil_Action_Network-31-1024x768.jpg 1024w, https://civilaction.net/wp-content/uploads/Credits_to_Civil_Action_Network-31-300x225.jpg 300w, https://civilaction.net/wp-content/uploads/Credits_to_Civil_Action_Network-31-768x576.jpg 768w, https://civilaction.net/wp-content/uploads/Credits_to_Civil_Action_Network-31-1536x1152.jpg 1536w, https://civilaction.net/wp-content/uploads/Credits_to_Civil_Action_Network-31-2048x1536.jpg 2048w, https://civilaction.net/wp-content/uploads/Credits_to_Civil_Action_Network-31-16x12.jpg 16w" sizes="auto, (max-width: 1024px) 100vw, 1024px" /></figure>
</figure>



<p>
<iframe src="https://www.cognitoforms.com/f/J2JgF29MnkSahulYm7VaAw/69" allow="payment" style="border:0;width:100%;" height="1904"></iframe>
<script src="https://www.cognitoforms.com/f/iframe.js"></script>
</p>
