{"id":1991,"date":"2025-11-28T17:24:48","date_gmt":"2025-11-28T16:24:48","guid":{"rendered":"https:\/\/civilaction.net\/?post_type=event&#038;p=1991"},"modified":"2025-12-27T23:57:44","modified_gmt":"2025-12-27T22:57:44","slug":"stammtisch-november-2025-2","status":"publish","type":"event","link":"https:\/\/civilaction.net\/de\/event\/stammtisch-november-2025-2\/","title":{"rendered":"December Stammtisch"},"content":{"rendered":"<p>Zum Jahresende laden wir euch alle ein, gemeinsam mit uns zu feiern.<br \/>Wir m\u00f6chten das Netzwerk, das uns verbindet, und die gemeinsamen Anstrengungen f\u00fcr eine widerstandsf\u00e4higere Zivilgesellschaft feiern. \ud83c\udf1f<\/p>\n<p>\ud83d\udcc5 Donnerstag, 11. Dezember<br \/>\ud83d\udd56 19:00 \u2013 22:00 Uhr<br \/>\ud83d\udccd<!--StartFragment --><span class=\"cf0\">Ochei, <\/span><!--EndFragment --><span class=\"cf0\">Camillo-Sitte-Gasse 1, 1150 Wien<\/span><br \/>\ud83c\udf0d Sprachen: Englisch, Deutsch, Polnisch<br \/><br \/>Unabh\u00e4ngig davon, ob du an einigen der Veranstaltungen dieses Jahres teilgenommen hast, in irgendeiner Form mit uns zusammenarbeitest oder einfach nur unsere Arbeit magst, laden wir dich ein, an diesem gemeinsamen Abend teilzunehmen. Es wird Gelegenheit geben, sich ungezwungen zu unterhalten und Geschichten aus dem vergangenen Jahr auszutauschen.\u00a0<br \/><br \/>Wir freuen uns auf dich! \nBis bald!<\/p>\n<p><br \/><br \/><\/p>\n\n\n\n\n<p><\/p>","protected":false},"excerpt":{"rendered":"<p>As the year comes to a close we&#8217;re inviting you all to share a moment of celebration.We want to give some recognition to the web of connections that we hold together, and the efforts we all make for more resilient Civil Society. \ud83c\udf1f \ud83d\udcc5 Thursday, 11th December\ud83d\udd56 19:00 \u2013 22:00\ud83d\udccdOchei, Camillo-Sitte-Gasse 1, 1150 Wien\ud83c\udf0d Languages: [&hellip;]<\/p>","protected":false},"featured_media":1994,"template":"","topic":[],"language":[],"event-project":[183],"class_list":["post-1991","event","type-event","status-publish","has-post-thumbnail","hentry","event_project-community-events"],"acf":{"location":"Camillo-Sitte-Gasse 1, 1150 Wien","date_time":"2025-12-11 19:00:00","end_time":"2025-12-11 10:00:00","project":"","partner":"","registration_link":""},"localized_title":"December Stammtisch","localized_link":"https:\/\/civilaction.net\/de\/event\/stammtisch-november-2025-2\/","_links":{"self":[{"href":"https:\/\/civilaction.net\/de\/wp-json\/wp\/v2\/event\/1991","targetHints":{"allow":["GET"]}}],"collection":[{"href":"https:\/\/civilaction.net\/de\/wp-json\/wp\/v2\/event"}],"about":[{"href":"https:\/\/civilaction.net\/de\/wp-json\/wp\/v2\/types\/event"}],"wp:featuredmedia":[{"embeddable":true,"href":"https:\/\/civilaction.net\/de\/wp-json\/wp\/v2\/media\/1994"}],"wp:attachment":[{"href":"https:\/\/civilaction.net\/de\/wp-json\/wp\/v2\/media?parent=1991"}],"wp:term":[{"taxonomy":"topic","embeddable":true,"href":"https:\/\/civilaction.net\/de\/wp-json\/wp\/v2\/topic?post=1991"},{"taxonomy":"language","embeddable":true,"href":"https:\/\/civilaction.net\/de\/wp-json\/wp\/v2\/language?post=1991"},{"taxonomy":"event_project","embeddable":true,"href":"https:\/\/civilaction.net\/de\/wp-json\/wp\/v2\/event-project?post=1991"}],"curies":[{"name":"wp","href":"https:\/\/api.w.org\/{rel}","templated":true}]}}

<p>Zum Jahresende laden wir euch alle ein, gemeinsam mit uns zu feiern.<br />Wir möchten das Netzwerk, das uns verbindet, und die gemeinsamen Anstrengungen für eine widerstandsfähigere Zivilgesellschaft feiern. 🌟</p>
<p>📅 Donnerstag, 11. Dezember<br />🕖 19:00 – 22:00 Uhr<br />📍<!--StartFragment --><span class="cf0">Ochei, </span><!--EndFragment --><span class="cf0">Camillo-Sitte-Gasse 1, 1150 Wien</span><br />🌍 Sprachen: Englisch, Deutsch, Polnisch<br /><br />Unabhängig davon, ob du an einigen der Veranstaltungen dieses Jahres teilgenommen hast, in irgendeiner Form mit uns zusammenarbeitest oder einfach nur unsere Arbeit magst, laden wir dich ein, an diesem gemeinsamen Abend teilzunehmen. Es wird Gelegenheit geben, sich ungezwungen zu unterhalten und Geschichten aus dem vergangenen Jahr auszutauschen. <br /><br />Wir freuen uns auf dich! 
Bis bald!</p>
<p><br /><br /></p>




<p></p>
