{"id":1931,"date":"2025-10-29T17:55:09","date_gmt":"2025-10-29T16:55:09","guid":{"rendered":"https:\/\/civilaction.net\/event\/stammtisch-november-2025\/"},"modified":"2025-12-27T23:58:08","modified_gmt":"2025-12-27T22:58:08","slug":"stammtisch-november-2025","status":"publish","type":"event","link":"https:\/\/civilaction.net\/de\/event\/stammtisch-november-2025\/","title":{"rendered":"Stammtisch November 2025"},"content":{"rendered":"<p>November Stammtisch is cancelled due to health reasons. Caf\u00e9 Weidinger is still there, but we from CAN are not. Hope to see you at our next Stammtisch in December \ud83c\udf1f<\/p>\n<p>\ud83d\udcc5 Thursday, 13th November<br \/>\ud83d\udd56 19:00 \u2013 22:00 Uhr<br \/>\ud83d\udccdCafe Weidinger, Lerchenfelder G\u00fcrtel 1, 1160<br \/>\ud83c\udf0d Languages: English, German<\/p>\n<p>Komm und nimm an unserem monatlichen Treffen teil, um dich \u00fcber die Geschehnisse bei CAN zu informieren, neue Leute kennenzulernen und M\u00f6glichkeiten zu erkunden, dich zu engagieren - und das alles in einer entspannten Atmosph\u00e4re. Es ist eine gro\u00dfartige Gelegenheit, Kontakte zu kn\u00fcpfen, Ideen auszutauschen und ein paar lockere Gespr\u00e4che zu f\u00fchren. Egal, ob Du regelm\u00e4ssig oder zum ersten Mal dabei sind, jede*r ist willkommen! Du kannst auch gerne jemanden mitbringen!<\/p>\n\n\n<p>\n        <iframe style=\"overflow: scroll; border: 0; width:100%; height: 100%; min-height: 800px;\" scrolling=\"yes\" src=\"https:\/\/dandelion.events\/events\/690246834e52488efa5b1896\/?ticket_form_only=1\"><\/iframe>\n        <\/p>","protected":false},"excerpt":{"rendered":"<p>November Stammtisch is cancelled due to health reasons. Caf\u00e9 Weidinger is still there, but we from CAN are not. Hope to see you at our next Stammtisch in December \ud83c\udf1f \ud83d\udcc5 Thursday, 13th November\ud83d\udd56 19:00 \u2013 22:00\ud83d\udccdCafe Weidinger, Lerchenfelder G\u00fcrtel 1, 1160\ud83c\udf0d Languages: English, German Come and be part of our monthly gathering to catch [&hellip;]<\/p>","protected":false},"featured_media":1932,"template":"","topic":[],"language":[],"event-project":[183],"class_list":["post-1931","event","type-event","status-publish","has-post-thumbnail","hentry","event_project-community-events"],"acf":{"location":"Cafe Weidinger, Lerchenfelder G\u00fcrtel 1, 1160 Vienna, Austria","date_time":"2025-11-13 18:00:00","end_time":"2025-11-13 21:00:00","project":1198,"partner":"","registration_link":"https:\/\/dandelion.events\/events\/690246834e52488efa5b1896\/?ticket_form_only=1"},"localized_title":"Stammtisch November 2025","localized_link":"https:\/\/civilaction.net\/de\/event\/stammtisch-november-2025\/","_links":{"self":[{"href":"https:\/\/civilaction.net\/de\/wp-json\/wp\/v2\/event\/1931","targetHints":{"allow":["GET"]}}],"collection":[{"href":"https:\/\/civilaction.net\/de\/wp-json\/wp\/v2\/event"}],"about":[{"href":"https:\/\/civilaction.net\/de\/wp-json\/wp\/v2\/types\/event"}],"acf:post":[{"embeddable":true,"href":"https:\/\/civilaction.net\/de\/wp-json\/wp\/v2\/project\/1198"}],"wp:featuredmedia":[{"embeddable":true,"href":"https:\/\/civilaction.net\/de\/wp-json\/wp\/v2\/media\/1932"}],"wp:attachment":[{"href":"https:\/\/civilaction.net\/de\/wp-json\/wp\/v2\/media?parent=1931"}],"wp:term":[{"taxonomy":"topic","embeddable":true,"href":"https:\/\/civilaction.net\/de\/wp-json\/wp\/v2\/topic?post=1931"},{"taxonomy":"language","embeddable":true,"href":"https:\/\/civilaction.net\/de\/wp-json\/wp\/v2\/language?post=1931"},{"taxonomy":"event_project","embeddable":true,"href":"https:\/\/civilaction.net\/de\/wp-json\/wp\/v2\/event-project?post=1931"}],"curies":[{"name":"wp","href":"https:\/\/api.w.org\/{rel}","templated":true}]}}

<p>November Stammtisch is cancelled due to health reasons. Café Weidinger is still there, but we from CAN are not. Hope to see you at our next Stammtisch in December 🌟</p>
<p>📅 Thursday, 13th November<br />🕖 19:00 – 22:00 Uhr<br />📍Cafe Weidinger, Lerchenfelder Gürtel 1, 1160<br />🌍 Languages: English, German</p>
<p>Komm und nimm an unserem monatlichen Treffen teil, um dich über die Geschehnisse bei CAN zu informieren, neue Leute kennenzulernen und Möglichkeiten zu erkunden, dich zu engagieren - und das alles in einer entspannten Atmosphäre. Es ist eine großartige Gelegenheit, Kontakte zu knüpfen, Ideen auszutauschen und ein paar lockere Gespräche zu führen. Egal, ob Du regelmässig oder zum ersten Mal dabei sind, jede*r ist willkommen! Du kannst auch gerne jemanden mitbringen!</p>


<p>
        <iframe style="overflow: scroll; border: 0; width:100%; height: 100%; min-height: 800px;" scrolling="yes" src="https://dandelion.events/events/690246834e52488efa5b1896/?ticket_form_only=1"></iframe>
        </p>

<p>November Stammtisch is cancelled due to health reasons. Café Weidinger is still there, but we from CAN are not. Hope to see you at our next Stammtisch in December 🌟 📅 Thursday, 13th November🕖 19:00 – 22:00📍Cafe Weidinger, Lerchenfelder Gürtel 1, 1160🌍 Languages: English, German Come and be part of our monthly gathering to catch [&hellip;]</p>

Cafe Weidinger, Lerchenfelder Gürtel 1, 1160 Vienna, Austria
