{"id":1923,"date":"2025-10-24T20:26:55","date_gmt":"2025-10-24T19:26:55","guid":{"rendered":"https:\/\/civilaction.net\/event\/social-movements-networking-meet-up-december-2025\/"},"modified":"2025-12-27T23:58:50","modified_gmt":"2025-12-27T22:58:50","slug":"social-movements-networking-meet-up-december-2025","status":"publish","type":"event","link":"https:\/\/civilaction.net\/de\/event\/social-movements-networking-meet-up-december-2025\/","title":{"rendered":"Social Movements Networking Meet-up, December 2025"},"content":{"rendered":"<p>\ud83d\udcc6Thursday, 04.12.2025<br>\u23f0 19:00&nbsp;<br>\ud83d\udccdCaf\u00e9 Weidinger, Lerchenfelder G\u00fcrtel 1, Wien, 1160<\/p><h4><strong>Who is invited<\/strong><\/h4><p>Die Einladung zu diesen Vernetzungs-Mittagessen richtet sich an alle, die in verschiedenen Initiativen, Gruppen und Organisationen mitwirken, die Teil verschiedener sozialer Bewegungen sind (Klimagerechtigkeits-, Demokratie-, Transition-, Migrations-, Recht-auf-Stadt-, Nachbarschafts- Initiativen etc.) und an diejenigen, die gerne mit bereits aktiven Menschen in Kontakt treten m\u00f6chten. Intention ist, die Verbindung, den Austausch und das Verst\u00e4ndnis innerhalb und zwischen verschiedenen Bewegungen zu f\u00f6rdern und uns so alle in einem fruchtbaren, langfristigen Engagement zu unterst\u00fctzen.&nbsp;<\/p><h4><strong>Format<\/strong><\/h4><p>Die Social Movement Networking Lunches sind eine Mischung aus moderiertem Austausch und gegenseitigem Kennenlernen in einem informellen, entspannten Rahmen.<\/p><h4><strong>Registrierung<\/strong><\/h4><p>Bitte teile uns im untenstehenden Formular mit, ob Du kommen m\u00f6chtest, das hilft uns sehr bei der Planung. Aber auch eine spontane Teilnahme ist m\u00f6glich!<\/p>\n    \n        <p>\n        <iframe style=\"overflow: scroll; border: 0; width:100%; height: 100%; min-height: 800px;\" scrolling=\"yes\" src=\"https:\/\/dandelion.events\/events\/68fbd2b528021b95012fc2cd\/?ticket_form_only=1\"><\/iframe>\n        <\/p>","protected":false},"excerpt":{"rendered":"<p>\ud83d\udcc6Thursday, 04.12.2025\u23f0 19:00&nbsp;\ud83d\udccdCaf\u00e9 Weidinger, Lerchenfelder G\u00fcrtel 1, Wien, 1160 Who is invited This invitation goes out to all who are working in different initiatives, groups and organizations being part of various social movements (climate justice-, democracy-, transition-, migration-, neighborhood- and city-movements etc.) and those who would like to get to meet active people. It comes [&hellip;]<\/p>","protected":false},"featured_media":1924,"template":"","topic":[],"language":[],"event-project":[190],"class_list":["post-1923","event","type-event","status-publish","has-post-thumbnail","hentry","event_project-social-movements-networking-lunch"],"acf":{"location":"Caf\u00e9 Weidinger, Lerchenfelder G\u00fcrtel 1, Wien, 1160","date_time":"2025-12-04T19:00:00.000+01:00","end_time":"2025-12-04T22:00:00.000+01:00","project":1198,"partner":"","registration_link":"https:\/\/dandelion.events\/events\/68fbd2b528021b95012fc2cd\/?ticket_form_only=1"},"localized_title":"Social Movements Networking Meet-up, December 2025","localized_link":"https:\/\/civilaction.net\/de\/event\/social-movements-networking-meet-up-december-2025\/","_links":{"self":[{"href":"https:\/\/civilaction.net\/de\/wp-json\/wp\/v2\/event\/1923","targetHints":{"allow":["GET"]}}],"collection":[{"href":"https:\/\/civilaction.net\/de\/wp-json\/wp\/v2\/event"}],"about":[{"href":"https:\/\/civilaction.net\/de\/wp-json\/wp\/v2\/types\/event"}],"acf:post":[{"embeddable":true,"href":"https:\/\/civilaction.net\/de\/wp-json\/wp\/v2\/project\/1198"}],"wp:featuredmedia":[{"embeddable":true,"href":"https:\/\/civilaction.net\/de\/wp-json\/wp\/v2\/media\/1924"}],"wp:attachment":[{"href":"https:\/\/civilaction.net\/de\/wp-json\/wp\/v2\/media?parent=1923"}],"wp:term":[{"taxonomy":"topic","embeddable":true,"href":"https:\/\/civilaction.net\/de\/wp-json\/wp\/v2\/topic?post=1923"},{"taxonomy":"language","embeddable":true,"href":"https:\/\/civilaction.net\/de\/wp-json\/wp\/v2\/language?post=1923"},{"taxonomy":"event_project","embeddable":true,"href":"https:\/\/civilaction.net\/de\/wp-json\/wp\/v2\/event-project?post=1923"}],"curies":[{"name":"wp","href":"https:\/\/api.w.org\/{rel}","templated":true}]}}

<p>📆Thursday, 04.12.2025<br>⏰ 19:00&nbsp;<br>📍Café Weidinger, Lerchenfelder Gürtel 1, Wien, 1160</p><h4><strong>Who is invited</strong></h4><p>Die Einladung zu diesen Vernetzungs-Mittagessen richtet sich an alle, die in verschiedenen Initiativen, Gruppen und Organisationen mitwirken, die Teil verschiedener sozialer Bewegungen sind (Klimagerechtigkeits-, Demokratie-, Transition-, Migrations-, Recht-auf-Stadt-, Nachbarschafts- Initiativen etc.) und an diejenigen, die gerne mit bereits aktiven Menschen in Kontakt treten möchten. Intention ist, die Verbindung, den Austausch und das Verständnis innerhalb und zwischen verschiedenen Bewegungen zu fördern und uns so alle in einem fruchtbaren, langfristigen Engagement zu unterstützen.&nbsp;</p><h4><strong>Format</strong></h4><p>Die Social Movement Networking Lunches sind eine Mischung aus moderiertem Austausch und gegenseitigem Kennenlernen in einem informellen, entspannten Rahmen.</p><h4><strong>Registrierung</strong></h4><p>Bitte teile uns im untenstehenden Formular mit, ob Du kommen möchtest, das hilft uns sehr bei der Planung. Aber auch eine spontane Teilnahme ist möglich!</p>
    
        <p>
        <iframe style="overflow: scroll; border: 0; width:100%; height: 100%; min-height: 800px;" scrolling="yes" src="https://dandelion.events/events/68fbd2b528021b95012fc2cd/?ticket_form_only=1"></iframe>
        </p>

<p>📆Thursday, 04.12.2025⏰ 19:00&nbsp;📍Café Weidinger, Lerchenfelder Gürtel 1, Wien, 1160 Who is invited This invitation goes out to all who are working in different initiatives, groups and organizations being part of various social movements (climate justice-, democracy-, transition-, migration-, neighborhood- and city-movements etc.) and those who would like to get to meet active people. It comes [&hellip;]</p>

Café Weidinger, Lerchenfelder Gürtel 1, Wien, 1160
