{"id":1809,"date":"2025-08-01T14:30:51","date_gmt":"2025-08-01T13:30:51","guid":{"rendered":"https:\/\/civilaction.net\/event\/cantogether-september-2025\/"},"modified":"2025-12-28T00:02:00","modified_gmt":"2025-12-27T23:02:00","slug":"cantogether-september-2025","status":"publish","type":"event","link":"https:\/\/civilaction.net\/de\/event\/cantogether-september-2025\/","title":{"rendered":"CANTogether September 2025"},"content":{"rendered":"<p>We warmly invite you to join us on the 20th of September for the fall edition of our quarterly community gathering \u2013 CANtogether.<br>Whether you\u2019re a long-time member, a supporter, or simply curious about what we do \u2013 come along and spend an inspiring evening with us!<\/p><h3><strong>Was erwartet euch?<\/strong><\/h3><p><strong>16:00<\/strong>&nbsp;Offene T\u00fcren, kommt vorbei und tauscht euch aus!<\/p><p><strong>17:00 \u2013 19:00<\/strong>&nbsp;Workshop:&nbsp;<i>Conflict and Tension &#8211; How can we practice moving through them more effortlessly?<\/i><\/p><ul><li>A participatory session exploring skills for working with conflict in self-organised groups (language: english)<\/li><\/ul><p><strong>19:00 \u2013 19:20<\/strong>&nbsp;Was ist das Civil Action Network und wie k\u00f6nnt ihr euch engagieren?<\/p><p><strong>19:20 \u2013 22:30<\/strong>&nbsp;Shared dinner &amp; open hangout<\/p><p>Wie immer gibt es gutes Essen, k\u00fchle Getr\u00e4nke und viel Platz f\u00fcr anregende Gespr\u00e4che und zum Netzwerken.<\/p><p>&nbsp;<\/p><p>? To make planning easier, please register below!&nbsp;<br>?\ufe0f Add the event to your calender:&nbsp;<a href=\"https:\/\/www.google.com\/calendar\/render?action=TEMPLATE&amp;text=CANTogether%20September%202025&amp;details=https%3A%2F%2Fdandelion.events%2Fe%2Fl6lht&amp;location=tbd&amp;dates=20250920T140000Z%2F20250920T200000Z\" target=\"_blank\">Google&nbsp;<\/a>\u00b7&nbsp;<a href=\"https:\/\/dandelion.events\/events\/688cbfea9189e46d418d0ebf.ics\" target=\"_blank\">ICS<\/a><\/p><p><br><br>The project \u201cVoice4Youth\u201d, is co-funded by the European Union\u2019s Erasmus+ Programme as a Small Scale Partnership (Project Number: Project Number 2024-3-AT01-KA154-YOU-000281966)<i>. However, the views and opinions expressed are solely those of the author(s) and do not necessarily reflect those of the European Union or the OeAD-GmbH. Neither the European Union nor the OeAD-GmbH can be held responsible.<\/i><\/p>\n    \n        <p>\n        <iframe style=\"overflow: scroll; border: 0; width:100%; height: 100%; min-height: 800px;\" scrolling=\"yes\" src=\"https:\/\/dandelion.events\/events\/688cbfea9189e46d418d0ebf\/?ticket_form_only=1\"><\/iframe>\n        <\/p>","protected":false},"excerpt":{"rendered":"<p>We warmly invite you to join us on the 20th of September for the fall edition of our quarterly community gathering \u2013 CANtogether.Whether you\u2019re a long-time member, a supporter, or simply curious about what we do \u2013 come along and spend an inspiring evening with us! What will happen? 16:00&nbsp;Open Doors, come and hang out [&hellip;]<\/p>","protected":false},"featured_media":1816,"template":"","topic":[],"language":[],"event-project":[183],"class_list":["post-1809","event","type-event","status-publish","has-post-thumbnail","hentry","event_project-community-events"],"acf":{"location":"Heiligenst\u00e4dter Stra\u00dfe 31, 1190 Vienna","date_time":"2025-09-20 16:00:00","end_time":"2025-09-20 22:00:00","project":1502,"partner":"","registration_link":"https:\/\/dandelion.events\/events\/688cbfea9189e46d418d0ebf\/?ticket_form_only=1"},"localized_title":"CANTogether September 2025","localized_link":"https:\/\/civilaction.net\/de\/event\/cantogether-september-2025\/","_links":{"self":[{"href":"https:\/\/civilaction.net\/de\/wp-json\/wp\/v2\/event\/1809","targetHints":{"allow":["GET"]}}],"collection":[{"href":"https:\/\/civilaction.net\/de\/wp-json\/wp\/v2\/event"}],"about":[{"href":"https:\/\/civilaction.net\/de\/wp-json\/wp\/v2\/types\/event"}],"acf:post":[{"embeddable":true,"href":"https:\/\/civilaction.net\/de\/wp-json\/wp\/v2\/project\/1502"}],"wp:featuredmedia":[{"embeddable":true,"href":"https:\/\/civilaction.net\/de\/wp-json\/wp\/v2\/media\/1816"}],"wp:attachment":[{"href":"https:\/\/civilaction.net\/de\/wp-json\/wp\/v2\/media?parent=1809"}],"wp:term":[{"taxonomy":"topic","embeddable":true,"href":"https:\/\/civilaction.net\/de\/wp-json\/wp\/v2\/topic?post=1809"},{"taxonomy":"language","embeddable":true,"href":"https:\/\/civilaction.net\/de\/wp-json\/wp\/v2\/language?post=1809"},{"taxonomy":"event_project","embeddable":true,"href":"https:\/\/civilaction.net\/de\/wp-json\/wp\/v2\/event-project?post=1809"}],"curies":[{"name":"wp","href":"https:\/\/api.w.org\/{rel}","templated":true}]}}

<p>We warmly invite you to join us on the 20th of September for the fall edition of our quarterly community gathering – CANtogether.<br>Whether you’re a long-time member, a supporter, or simply curious about what we do – come along and spend an inspiring evening with us!</p><h3><strong>Was erwartet euch?</strong></h3><p><strong>16:00</strong>&nbsp;Offene Türen, kommt vorbei und tauscht euch aus!</p><p><strong>17:00 – 19:00</strong>&nbsp;Workshop:&nbsp;<i>Conflict and Tension &#8211; How can we practice moving through them more effortlessly?</i></p><ul><li>A participatory session exploring skills for working with conflict in self-organised groups (language: english)</li></ul><p><strong>19:00 – 19:20</strong>&nbsp;Was ist das Civil Action Network und wie könnt ihr euch engagieren?</p><p><strong>19:20 – 22:30</strong>&nbsp;Shared dinner &amp; open hangout</p><p>Wie immer gibt es gutes Essen, kühle Getränke und viel Platz für anregende Gespräche und zum Netzwerken.</p><p>&nbsp;</p><p>? To make planning easier, please register below!&nbsp;<br>?️ Add the event to your calender:&nbsp;<a href="https://www.google.com/calendar/render?action=TEMPLATE&amp;text=CANTogether%20September%202025&amp;details=https%3A%2F%2Fdandelion.events%2Fe%2Fl6lht&amp;location=tbd&amp;dates=20250920T140000Z%2F20250920T200000Z" target="_blank">Google&nbsp;</a>·&nbsp;<a href="https://dandelion.events/events/688cbfea9189e46d418d0ebf.ics" target="_blank">ICS</a></p><p><br><br>The project “Voice4Youth”, is co-funded by the European Union’s Erasmus+ Programme as a Small Scale Partnership (Project Number: Project Number 2024-3-AT01-KA154-YOU-000281966)<i>. However, the views and opinions expressed are solely those of the author(s) and do not necessarily reflect those of the European Union or the OeAD-GmbH. Neither the European Union nor the OeAD-GmbH can be held responsible.</i></p>
    
        <p>
        <iframe style="overflow: scroll; border: 0; width:100%; height: 100%; min-height: 800px;" scrolling="yes" src="https://dandelion.events/events/688cbfea9189e46d418d0ebf/?ticket_form_only=1"></iframe>
        </p>

Heiligenstädter Straße 31, 1190 Vienna
