{"id":1642,"date":"2025-05-24T14:58:19","date_gmt":"2025-05-24T13:58:19","guid":{"rendered":"https:\/\/civilaction.net\/event\/stammtisch-june-2025\/"},"modified":"2025-12-28T00:04:32","modified_gmt":"2025-12-27T23:04:32","slug":"stammtisch-june-2025","status":"publish","type":"event","link":"https:\/\/civilaction.net\/de\/event\/stammtisch-june-2025\/","title":{"rendered":"Stammtisch June 2025"},"content":{"rendered":"<p>Komm und nimm an unserem monatlichen Treffen teil, um dich \u00fcber die Geschehnisse bei CAN zu informieren, neue Leute kennenzulernen und M\u00f6glichkeiten zu erkunden, dich zu engagieren - und das alles in einer entspannten Atmosph\u00e4re. Es ist eine gro\u00dfartige Gelegenheit, Kontakte zu kn\u00fcpfen, Ideen auszutauschen und ein paar lockere Gespr\u00e4che zu f\u00fchren. Egal, ob Du regelm\u00e4ssig oder zum ersten Mal dabei sind, jede*r ist willkommen! Du kannst auch gerne jemanden mitbringen!<\/p><p>\ud83d\udcc5 Thursday, 12th June<br>\ud83d\udd56 19:00 \u2013 open end<br>\ud83d\udccdOchei, Camillo-Sitte-Gasse 1, 1060 Vienna<br>\ud83c\udf0d Sprachen: Englisch, Deutsch, Polnisch<\/p><p>To help us with planning, please let us know if you\u2019ve put it in your calendar (<a href=\"https:\/\/www.google.com\/calendar\/render?action=TEMPLATE&amp;text=Stammtisch%20June%202025&amp;details=https%3A%2F%2Fdandelion.events%2Fe%2Fd6j3h&amp;location=Ochei%2C%20Camillo-Sitte-Gasse%2C%20Wien%2C%20%C3%96sterreich&amp;dates=20250612T170000Z%2F20250612T210000Z\" target=\"_blank\">Google <\/a>\u00b7 <a href=\"https:\/\/dandelion.events\/events\/6831cfaa1922f8007136445d.ics\" target=\"_blank\">ICS <\/a>) and plan to be there, by registering below. As it isn\u2019t always easy to plan this kind of meeting, last minute decisions to join CAN Stammtisch are also allowed \ud83d\ude09<\/p>\n    \n        <p>\n        <iframe style=\"overflow: scroll; border: 0; width:100%; height: 100%; min-height: 800px;\" scrolling=\"yes\" src=\"https:\/\/dandelion.events\/events\/6831cfaa1922f8007136445d\/?ticket_form_only=1\"><\/iframe>\n        <\/p>","protected":false},"excerpt":{"rendered":"<p>Come and be part of our monthly gathering to catch up on what\u2019s happening at CAN, meet new people, and explore ways to get involved\u2014all in a relaxed atmosphere. It\u2019s a great opportunity to connect, share ideas, and have some casual conversations. Whether you\u2019re a regular or it\u2019s your first time joining, everyone is welcome! [&hellip;]<\/p>","protected":false},"featured_media":1643,"template":"","topic":[],"language":[],"event-project":[183],"class_list":["post-1642","event","type-event","status-publish","has-post-thumbnail","hentry","event_project-community-events"],"acf":{"location":"Ochei, Camillo-Sitte-Gasse, Wien, \u00d6sterreich","date_time":"2025-06-12T19:00:00.000+02:00","end_time":"2025-06-12T23:00:00.000+02:00","project":767,"partner":"","registration_link":"https:\/\/dandelion.events\/events\/6831cfaa1922f8007136445d\/?ticket_form_only=1"},"localized_title":"Stammtisch June 2025","localized_link":"https:\/\/civilaction.net\/de\/event\/stammtisch-june-2025\/","_links":{"self":[{"href":"https:\/\/civilaction.net\/de\/wp-json\/wp\/v2\/event\/1642","targetHints":{"allow":["GET"]}}],"collection":[{"href":"https:\/\/civilaction.net\/de\/wp-json\/wp\/v2\/event"}],"about":[{"href":"https:\/\/civilaction.net\/de\/wp-json\/wp\/v2\/types\/event"}],"acf:post":[{"embeddable":true,"href":"https:\/\/civilaction.net\/de\/wp-json\/wp\/v2\/project\/767"}],"wp:featuredmedia":[{"embeddable":true,"href":"https:\/\/civilaction.net\/de\/wp-json\/wp\/v2\/media\/1643"}],"wp:attachment":[{"href":"https:\/\/civilaction.net\/de\/wp-json\/wp\/v2\/media?parent=1642"}],"wp:term":[{"taxonomy":"topic","embeddable":true,"href":"https:\/\/civilaction.net\/de\/wp-json\/wp\/v2\/topic?post=1642"},{"taxonomy":"language","embeddable":true,"href":"https:\/\/civilaction.net\/de\/wp-json\/wp\/v2\/language?post=1642"},{"taxonomy":"event_project","embeddable":true,"href":"https:\/\/civilaction.net\/de\/wp-json\/wp\/v2\/event-project?post=1642"}],"curies":[{"name":"wp","href":"https:\/\/api.w.org\/{rel}","templated":true}]}}

<p>Komm und nimm an unserem monatlichen Treffen teil, um dich über die Geschehnisse bei CAN zu informieren, neue Leute kennenzulernen und Möglichkeiten zu erkunden, dich zu engagieren - und das alles in einer entspannten Atmosphäre. Es ist eine großartige Gelegenheit, Kontakte zu knüpfen, Ideen auszutauschen und ein paar lockere Gespräche zu führen. Egal, ob Du regelmässig oder zum ersten Mal dabei sind, jede*r ist willkommen! Du kannst auch gerne jemanden mitbringen!</p><p>📅 Thursday, 12th June<br>🕖 19:00 – open end<br>📍Ochei, Camillo-Sitte-Gasse 1, 1060 Vienna<br>🌍 Sprachen: Englisch, Deutsch, Polnisch</p><p>To help us with planning, please let us know if you’ve put it in your calendar (<a href="https://www.google.com/calendar/render?action=TEMPLATE&amp;text=Stammtisch%20June%202025&amp;details=https%3A%2F%2Fdandelion.events%2Fe%2Fd6j3h&amp;location=Ochei%2C%20Camillo-Sitte-Gasse%2C%20Wien%2C%20%C3%96sterreich&amp;dates=20250612T170000Z%2F20250612T210000Z" target="_blank">Google </a>· <a href="https://dandelion.events/events/6831cfaa1922f8007136445d.ics" target="_blank">ICS </a>) and plan to be there, by registering below. As it isn’t always easy to plan this kind of meeting, last minute decisions to join CAN Stammtisch are also allowed 😉</p>
    
        <p>
        <iframe style="overflow: scroll; border: 0; width:100%; height: 100%; min-height: 800px;" scrolling="yes" src="https://dandelion.events/events/6831cfaa1922f8007136445d/?ticket_form_only=1"></iframe>
        </p>

Ochei, Camillo-Sitte-Gasse, Wien, Österreich
