{"id":1590,"date":"2025-04-10T14:14:24","date_gmt":"2025-04-10T13:14:24","guid":{"rendered":"https:\/\/civilaction.net\/?post_type=event&#038;p=1590"},"modified":"2025-12-28T00:05:00","modified_gmt":"2025-12-27T23:05:00","slug":"stammtisch-march-2025-2","status":"publish","type":"event","link":"https:\/\/civilaction.net\/de\/event\/stammtisch-march-2025-2\/","title":{"rendered":"Stammtisch May"},"content":{"rendered":"<p>Komm und nimm an unserem monatlichen Treffen teil, um dich \u00fcber die Geschehnisse bei CAN zu informieren, neue Leute kennenzulernen und M\u00f6glichkeiten zu erkunden, dich zu engagieren - und das alles in einer entspannten Atmosph\u00e4re. Es ist eine gro\u00dfartige Gelegenheit, Kontakte zu kn\u00fcpfen, Ideen auszutauschen und ein paar lockere Gespr\u00e4che zu f\u00fchren. Egal, ob Du regelm\u00e4ssig oder zum ersten Mal dabei sind, jede*r ist willkommen! Du kannst auch gerne jemanden mitbringen!<\/p>\n<p>? Thursday, 8th May<br \/>? 19:00 \u2013 offenes Ende<br \/>? Ort: <span style=\"font-weight: 400;\">Ochei, Camillo-Sitte-Gasse 1, 1150 Wien<\/span><br \/>? Sprachen: Englisch, Deutsch, Polnisch<\/p>\n<p>To help us with planning, please let us know if you\u2019ve put it in your calendar and plan to be there, by messaging us under <a href=\"mailto:team@civilaction.net\">team@civilaction.net<\/a>. As it isn\u2019t always easy to plan this kind of meeting, last minute decisions to join CAN Stammtisch are also allowed?<\/p>\n\n\n\n\n<p><\/p>","protected":false},"excerpt":{"rendered":"<p>Come and be part of our monthly gathering to catch up on what\u2019s happening at CAN, meet new people, and explore ways to get involved\u2014all in a relaxed atmosphere. It\u2019s a great opportunity to connect, share ideas, and have some casual conversations. Whether you\u2019re a regular or it\u2019s your first time joining, everyone is welcome! [&hellip;]<\/p>","protected":false},"featured_media":1587,"template":"","topic":[],"language":[],"event-project":[183],"class_list":["post-1590","event","type-event","status-publish","has-post-thumbnail","hentry","event_project-community-events"],"acf":{"location":"Location will be announced soon \/\/ venue in Vienna","date_time":"2025-05-08 19:00:00","end_time":"2025-05-08 22:00:00","project":1198,"partner":"","registration_link":""},"localized_title":"Stammtisch May","localized_link":"https:\/\/civilaction.net\/de\/event\/stammtisch-march-2025-2\/","_links":{"self":[{"href":"https:\/\/civilaction.net\/de\/wp-json\/wp\/v2\/event\/1590","targetHints":{"allow":["GET"]}}],"collection":[{"href":"https:\/\/civilaction.net\/de\/wp-json\/wp\/v2\/event"}],"about":[{"href":"https:\/\/civilaction.net\/de\/wp-json\/wp\/v2\/types\/event"}],"acf:post":[{"embeddable":true,"href":"https:\/\/civilaction.net\/de\/wp-json\/wp\/v2\/project\/1198"}],"wp:featuredmedia":[{"embeddable":true,"href":"https:\/\/civilaction.net\/de\/wp-json\/wp\/v2\/media\/1587"}],"wp:attachment":[{"href":"https:\/\/civilaction.net\/de\/wp-json\/wp\/v2\/media?parent=1590"}],"wp:term":[{"taxonomy":"topic","embeddable":true,"href":"https:\/\/civilaction.net\/de\/wp-json\/wp\/v2\/topic?post=1590"},{"taxonomy":"language","embeddable":true,"href":"https:\/\/civilaction.net\/de\/wp-json\/wp\/v2\/language?post=1590"},{"taxonomy":"event_project","embeddable":true,"href":"https:\/\/civilaction.net\/de\/wp-json\/wp\/v2\/event-project?post=1590"}],"curies":[{"name":"wp","href":"https:\/\/api.w.org\/{rel}","templated":true}]}}

<p>Komm und nimm an unserem monatlichen Treffen teil, um dich über die Geschehnisse bei CAN zu informieren, neue Leute kennenzulernen und Möglichkeiten zu erkunden, dich zu engagieren - und das alles in einer entspannten Atmosphäre. Es ist eine großartige Gelegenheit, Kontakte zu knüpfen, Ideen auszutauschen und ein paar lockere Gespräche zu führen. Egal, ob Du regelmässig oder zum ersten Mal dabei sind, jede*r ist willkommen! Du kannst auch gerne jemanden mitbringen!</p>
<p>? Thursday, 8th May<br />? 19:00 – offenes Ende<br />? Ort: <span style="font-weight: 400;">Ochei, Camillo-Sitte-Gasse 1, 1150 Wien</span><br />? Sprachen: Englisch, Deutsch, Polnisch</p>
<p>To help us with planning, please let us know if you’ve put it in your calendar and plan to be there, by messaging us under <a href="mailto:team@civilaction.net">team@civilaction.net</a>. As it isn’t always easy to plan this kind of meeting, last minute decisions to join CAN Stammtisch are also allowed?</p>




<p></p>
