{"id":1383,"date":"2025-01-21T10:55:15","date_gmt":"2025-01-21T09:55:15","guid":{"rendered":"https:\/\/civilaction.net\/event\/vernissage-civic-action-tales\/"},"modified":"2025-12-28T00:07:04","modified_gmt":"2025-12-27T23:07:04","slug":"vernissage-civic-action-tales","status":"publish","type":"event","link":"https:\/\/civilaction.net\/de\/event\/vernissage-civic-action-tales\/","title":{"rendered":"Vernissage \u201eCivic Action Tales\u201c"},"content":{"rendered":"<p><i>?\ufe0f<\/i>\u00a0<strong>Date<\/strong>\u00a01. M\u00e4rz 2025<br \/>\u23f0\u00a0<strong>Time:<\/strong>\u00a017:00 \u2013 21:00 Uhr<br \/>?\u00a0<strong>Location<\/strong>\u00a0Liebknechtgasse 32, 1160 Wien (SOHO Studios)<br \/>?\u00a0<strong>For whom:<\/strong> Lehrer*innen, Sozialarbeiter*innen, Eltern, Gro\u00dfeltern, Junge Menschen zwischen 14 und 30 und ihre Begleitpersonen.<br \/><strong>?<\/strong>\u00a0<strong>Cost of the event:<\/strong>\u00a0Es ist\u00a0<strong>free of charge<\/strong>, but donations are welcome<\/p>\n<p><i>This event is\u00a0<\/i><a href=\"https:\/\/civilaction.net\/de\/project\/storytelling-for-youth-empowerment\/\"><i>part of an Erasmus+ project<\/i><\/a><i>that responds to the current socio-political situation in which many social groups are being systematically disempowered and are increasingly losing trust in political processes. With this project, the Civil Action Network wants to reach young people and offer them the opportunity to deal with the topic of civic participation that reflects the realities of their lives.<\/i><\/p>\n<p>?\u00a0<strong>Wir laden Dich herzlich zur Er\u00f6ffnung unserer neuen und interaktiven Ausstellung ein<\/strong>\u00a0- a space to discover and exchange ideas together!<\/p>\n<p><strong>?\u00a0Das erwartet Dich:<\/strong><\/p>\n<ul>\n<li><strong>Erfahre mehr \u00fcber CAN:<\/strong>\u00a0Lerne die Organisation hinter dem Projekt und ihre Vision kennen.<\/li>\n<li><strong>Entdecke das Programm:<\/strong>\u00a0Erhalte einen \u00dcberblick \u00fcber die Workshops, die im Rahmen der Ausstellung f\u00fcr junge Menschen (14-20 Jahre) angeboten werden.<\/li>\n<li><strong>Filmvorf\u00fchrung \u201cBr\u00fccken Bauen Mit\u2026\u201d:<\/strong>\u00a0Schau Dir unsere inspirierende Kurzfilm-Serie \u00fcber junge Changemaker und ihren Beitrag zu sozialem Zusammenhalt und Entpolarisation an.<\/li>\n<li><strong>Gestalte bei einer Gemeinschaftsinstallation mit:<\/strong>\u00a0Werde in einer kreativen Ecke aktiv und hinterlasse Deinen pers\u00f6nlichen Beitrag zu einem kollektiven Kunstwerk.<\/li>\n<li><strong>Genie\u00dfe etwas frisch Gekochtes:\u00a0<\/strong>Es wird etwas k\u00f6stliches zu essen geben.<\/li>\n<li><strong>Komme mit anderen ins Gespr\u00e4ch:<\/strong>\u00a0Tausche Dich mit Menschen aus, die sich f\u00fcr zivilgesellschaftliche Beteiligung interessieren, und sammle neue Ideen.<\/li>\n<li><strong>Hab einfach Spa\u00df:<\/strong>\u00a0Feier mit uns den Beginn der Ausstellung!<\/li>\n<\/ul>\n<p>Wir freuen uns darauf, Dich zu sehen. Komm mit Neugier und gehe mit Inspiration!<\/p>\n\n\n<p class=\"has-large-font-size\"><strong>Veranstaltungsprogramm<\/strong>:<\/p>\n\n\n\n<p><strong>17.00<\/strong> Ankommen und Vernetzung <\/p>\n\n\n\n<p><strong>17.30 <\/strong>Offizielle Er\u00f6ffnung: Vorstellung des CAN-Teams und der Ausstellung<\/p>\n\n\n\n<p><strong>18:00<\/strong> Filmvorf\u00fchrung \u201cBr\u00fccken Bauen Mit\u2026\u201d&nbsp;<\/p>\n\n\n\n<p><strong>19.00<\/strong> Gemeinsame Abendsessen<\/p>\n\n\n\n<p><em>Gemeinschaftsinstallation w\u00e4hrend der gesamten Veranstaltung<\/em>#<\/p>\n\n\n\n<p>?&nbsp;<strong>Bei Fragen:<\/strong>&nbsp;<a href=\"mailto:cat@civilaction.net\">cat@civilaction.net<\/a><\/p>\n\n\n\n<figure class=\"wp-block-image\"><img loading=\"lazy\" decoding=\"async\" width=\"300\" height=\"63\" src=\"https:\/\/civilaction.net\/wp-content\/uploads\/EN-Co-funded-by-the-EU_BLACK-300x63.jpg\" alt=\"\" class=\"wp-image-1353\" srcset=\"https:\/\/civilaction.net\/wp-content\/uploads\/EN-Co-funded-by-the-EU_BLACK-300x63.jpg 300w, https:\/\/civilaction.net\/wp-content\/uploads\/EN-Co-funded-by-the-EU_BLACK-1024x215.jpg 1024w, https:\/\/civilaction.net\/wp-content\/uploads\/EN-Co-funded-by-the-EU_BLACK-768x161.jpg 768w, https:\/\/civilaction.net\/wp-content\/uploads\/EN-Co-funded-by-the-EU_BLACK-1536x322.jpg 1536w, https:\/\/civilaction.net\/wp-content\/uploads\/EN-Co-funded-by-the-EU_BLACK-2048x430.jpg 2048w, https:\/\/civilaction.net\/wp-content\/uploads\/EN-Co-funded-by-the-EU_BLACK-18x4.jpg 18w\" sizes=\"auto, (max-width: 300px) 100vw, 300px\" \/><\/figure>\n\n\n\n<p>\n        <iframe style=\"overflow: scroll; border: 0; width:100%; height: 100%; min-height: 800px;\" scrolling=\"yes\" src=\"https:\/\/dandelion.events\/events\/678f6e6794a84200621edd5f\/?ticket_form_only=1\"><\/iframe>\n        <\/p>\n\n\n\n<p><\/p>","protected":false},"excerpt":{"rendered":"<p>?\ufe0f\u00a0Datum:\u00a01. M\u00e4rz 2025\u23f0\u00a0Uhrzeit:\u00a017:00 \u2013 21:00 Uhr?\u00a0Ort:\u00a0Liebknechtgasse 32, 1160 Wien (SOHO Studios)?\u00a0F\u00fcr wen: Lehrer*innen, Sozialarbeiter*innen, Eltern, Gro\u00dfeltern, Junge Menschen zwischen 14 und 30 und ihre Begleitpersonen.?\u00a0Kosten der Veranstaltung:\u00a0Es ist\u00a0kostenlos, Spenden sind jedoch willkommen Diese Veranstaltung ist\u00a0Teil eines Erasmus+-Projekts, welches auf die aktuelle sozial-politische Situation reagiert, in der viele gesellschaftliche Gruppen systematisch entmachtet werden und zunehmend das [&hellip;]<\/p>","protected":false},"featured_media":1417,"template":"","topic":[67,105],"language":[203],"event-project":[194],"class_list":["post-1383","event","type-event","status-publish","has-post-thumbnail","hentry","topic-language-german","topic-political-education","language-german","event_project-storytelling-for-youth-empowerment"],"acf":{"location":"Liebknechtgasse 32, Vienna, Austria","date_time":"2025-03-01 16:00:00","end_time":"2025-03-01 20:00:00","project":"","partner":"","registration_link":"https:\/\/dandelion.events\/events\/678f6e6794a84200621edd5f\/?ticket_form_only=1"},"localized_title":"Vernissage \u201eCivic Action Tales\u201c","localized_link":"https:\/\/civilaction.net\/de\/event\/vernissage-civic-action-tales\/","_links":{"self":[{"href":"https:\/\/civilaction.net\/de\/wp-json\/wp\/v2\/event\/1383","targetHints":{"allow":["GET"]}}],"collection":[{"href":"https:\/\/civilaction.net\/de\/wp-json\/wp\/v2\/event"}],"about":[{"href":"https:\/\/civilaction.net\/de\/wp-json\/wp\/v2\/types\/event"}],"wp:featuredmedia":[{"embeddable":true,"href":"https:\/\/civilaction.net\/de\/wp-json\/wp\/v2\/media\/1417"}],"wp:attachment":[{"href":"https:\/\/civilaction.net\/de\/wp-json\/wp\/v2\/media?parent=1383"}],"wp:term":[{"taxonomy":"topic","embeddable":true,"href":"https:\/\/civilaction.net\/de\/wp-json\/wp\/v2\/topic?post=1383"},{"taxonomy":"language","embeddable":true,"href":"https:\/\/civilaction.net\/de\/wp-json\/wp\/v2\/language?post=1383"},{"taxonomy":"event_project","embeddable":true,"href":"https:\/\/civilaction.net\/de\/wp-json\/wp\/v2\/event-project?post=1383"}],"curies":[{"name":"wp","href":"https:\/\/api.w.org\/{rel}","templated":true}]}}

<p><i>?️</i> <strong>Date</strong> 1. März 2025<br />⏰ <strong>Time:</strong> 17:00 – 21:00 Uhr<br />? <strong>Location</strong> Liebknechtgasse 32, 1160 Wien (SOHO Studios)<br />? <strong>For whom:</strong> Lehrer*innen, Sozialarbeiter*innen, Eltern, Großeltern, Junge Menschen zwischen 14 und 30 und ihre Begleitpersonen.<br /><strong>?</strong> <strong>Cost of the event:</strong> Es ist <strong>free of charge</strong>, but donations are welcome</p>
<p><i>This event is </i><a href="https://civilaction.net/de/project/storytelling-for-youth-empowerment/"><i>part of an Erasmus+ project</i></a><i>that responds to the current socio-political situation in which many social groups are being systematically disempowered and are increasingly losing trust in political processes. With this project, the Civil Action Network wants to reach young people and offer them the opportunity to deal with the topic of civic participation that reflects the realities of their lives.</i></p>
<p>? <strong>Wir laden Dich herzlich zur Eröffnung unserer neuen und interaktiven Ausstellung ein</strong> - a space to discover and exchange ideas together!</p>
<p><strong>? Das erwartet Dich:</strong></p>
<ul>
<li><strong>Erfahre mehr über CAN:</strong> Lerne die Organisation hinter dem Projekt und ihre Vision kennen.</li>
<li><strong>Entdecke das Programm:</strong> Erhalte einen Überblick über die Workshops, die im Rahmen der Ausstellung für junge Menschen (14-20 Jahre) angeboten werden.</li>
<li><strong>Filmvorführung “Brücken Bauen Mit…”:</strong> Schau Dir unsere inspirierende Kurzfilm-Serie über junge Changemaker und ihren Beitrag zu sozialem Zusammenhalt und Entpolarisation an.</li>
<li><strong>Gestalte bei einer Gemeinschaftsinstallation mit:</strong> Werde in einer kreativen Ecke aktiv und hinterlasse Deinen persönlichen Beitrag zu einem kollektiven Kunstwerk.</li>
<li><strong>Genieße etwas frisch Gekochtes: </strong>Es wird etwas köstliches zu essen geben.</li>
<li><strong>Komme mit anderen ins Gespräch:</strong> Tausche Dich mit Menschen aus, die sich für zivilgesellschaftliche Beteiligung interessieren, und sammle neue Ideen.</li>
<li><strong>Hab einfach Spaß:</strong> Feier mit uns den Beginn der Ausstellung!</li>
</ul>
<p>Wir freuen uns darauf, Dich zu sehen. Komm mit Neugier und gehe mit Inspiration!</p>


<p class="has-large-font-size"><strong>Veranstaltungsprogramm</strong>:</p>



<p><strong>17.00</strong> Ankommen und Vernetzung </p>



<p><strong>17.30 </strong>Offizielle Eröffnung: Vorstellung des CAN-Teams und der Ausstellung</p>



<p><strong>18:00</strong> Filmvorführung “Brücken Bauen Mit…”&nbsp;</p>



<p><strong>19.00</strong> Gemeinsame Abendsessen</p>



<p><em>Gemeinschaftsinstallation während der gesamten Veranstaltung</em>#</p>



<p>?&nbsp;<strong>Bei Fragen:</strong>&nbsp;<a href="mailto:cat@civilaction.net">cat@civilaction.net</a></p>



<figure class="wp-block-image"><img loading="lazy" decoding="async" width="300" height="63" src="https://civilaction.net/wp-content/uploads/EN-Co-funded-by-the-EU_BLACK-300x63.jpg" alt="" class="wp-image-1353" srcset="https://civilaction.net/wp-content/uploads/EN-Co-funded-by-the-EU_BLACK-300x63.jpg 300w, https://civilaction.net/wp-content/uploads/EN-Co-funded-by-the-EU_BLACK-1024x215.jpg 1024w, https://civilaction.net/wp-content/uploads/EN-Co-funded-by-the-EU_BLACK-768x161.jpg 768w, https://civilaction.net/wp-content/uploads/EN-Co-funded-by-the-EU_BLACK-1536x322.jpg 1536w, https://civilaction.net/wp-content/uploads/EN-Co-funded-by-the-EU_BLACK-2048x430.jpg 2048w, https://civilaction.net/wp-content/uploads/EN-Co-funded-by-the-EU_BLACK-18x4.jpg 18w" sizes="auto, (max-width: 300px) 100vw, 300px" /></figure>



<p>
        <iframe style="overflow: scroll; border: 0; width:100%; height: 100%; min-height: 800px;" scrolling="yes" src="https://dandelion.events/events/678f6e6794a84200621edd5f/?ticket_form_only=1"></iframe>
        </p>



<p></p>

<p>?️ Datum: 1. März 2025⏰ Uhrzeit: 17:00 – 21:00 Uhr? Ort: Liebknechtgasse 32, 1160 Wien (SOHO Studios)? Für wen: Lehrer*innen, Sozialarbeiter*innen, Eltern, Großeltern, Junge Menschen zwischen 14 und 30 und ihre Begleitpersonen.? Kosten der Veranstaltung: Es ist kostenlos, Spenden sind jedoch willkommen Diese Veranstaltung ist Teil eines Erasmus+-Projekts, welches auf die aktuelle sozial-politische Situation reagiert, in der viele gesellschaftliche Gruppen systematisch entmachtet werden und zunehmend das [&hellip;]</p>
